{"id":269,"date":"2021-10-15T08:19:46","date_gmt":"2021-10-15T08:19:46","guid":{"rendered":"https:\/\/mumax.at\/?page_id=269"},"modified":"2023-10-18T10:41:21","modified_gmt":"2023-10-18T10:41:21","slug":"karriere","status":"publish","type":"page","link":"https:\/\/mumax.at\/?page_id=269","title":{"rendered":"KARR\u0130ERE"},"content":{"rendered":"[vc_row full_width=&#8221;stretch_row_content&#8221;][vc_column css=&#8221;.vc_custom_1695124396873{background-position: center !important;background-repeat: no-repeat !important;background-size: contain !important;}&#8221; offset=&#8221;vc_col-lg-offset-1&#8243;][vc_column_text]Zur Verst\u00e4rkung unseres <strong>\u00a0Au\u00dfendienst-Teams<\/strong>\u00a0in Wien suchen wir ab sofort einen:<\/p>\n<p>Au\u00dfendienstmitarbeiter &#8211; Telekom<\/p>\n<p>Sie sind bereits selbstst\u00e4ndig und wollen Ihr Portfolio erweitern um Ihren Kunden noch mehr anbieten zu k\u00f6nnen? Oder wollen Sie den Schritt in die Selbstst\u00e4ndigkeit wagen und sich eigenst\u00e4ndig Ihren Kundenstock aufbauen und ihn laufend erweitern?<\/p>\n<p>&nbsp;<\/p>\n<p>Suchen Sie einen neuen spannenden Job?<br \/>\nSind Sie ein Multitalent im Bereich Kommunikation und Verkauf?<br \/>\nAuf Menschen ein- und zuzugehen ist f\u00fcr Sie einfach und mit Freude verbunden?<\/p>\n<p><strong><br \/>\nIhre Aufgaben<\/strong><\/p>\n<ul>\n<li>Vertrieb von Telekommunikationsprodukten der Marke A1 Telekom an Privatkunden im Haust\u00fcrgesch\u00e4ft (Door2Door)<\/li>\n<li>aktive Neukundenakquise<\/li>\n<li>Betreuung von Bestandskunden<\/li>\n<\/ul>\n<p><strong>Ihr Profil<\/strong><\/p>\n<ul>\n<li>Selbstst\u00e4ndiges Arbeiten<\/li>\n<li>Affinit\u00e4t zu digitalen Produkten<\/li>\n<li>Freude am Umgang mit Menschen<\/li>\n<li>Sehr hohe zeitliche Flexibilit\u00e4t<\/li>\n<li>sehr gute Deutschkenntnisse in Wort und Schrift<\/li>\n<li>freundliches und professionelles Auftreten<\/li>\n<li>Verkaufstalent und Freude am Verkauf<\/li>\n<li>1-2 Jahre Erfahrung im Vertriebsinnen- od. -Au\u00dfendienst (B2B oder B2C) von Vorteil<\/li>\n<li>g\u00fcltiger Gewerbeschein als Handelsvertreter<\/li>\n<\/ul>\n<p><strong><br \/>\nWas Sie bei uns erwartet<\/strong><\/p>\n<ul>\n<li>leistungsorientierte Bezahlung (auf Provisionsbasis)<\/li>\n<li>professionelle Einschulung und M\u00f6glichkeit f\u00fcr Weiterbildung<\/li>\n<li>fachliche Unterst\u00fctzung von unserem Backoffice Team<\/li>\n<li>keine zeitliche oder \u00f6rtliche Bindung \u2013 sie entscheiden wann und wo sie t\u00e4tig sind<\/li>\n<\/ul>\n<p>Bewerbungen unter :\u00a0 \u00a0 Bewerbung@mumax.at<\/p>\n[\/vc_column_text][\/vc_column][\/vc_row]\n","protected":false},"excerpt":{"rendered":"<p>[vc_row full_width=&#8221;stretch_row_content&#8221;][vc_column css=&#8221;.vc_custom_1695124396873{background-position: center !important;background-repeat: no-repeat !important;background-size: contain !important;}&#8221; offset=&#8221;vc_col-lg-offset-1&#8243;][vc_column_text]Zur Verst\u00e4rkung unseres \u00a0Au\u00dfendienst-Teams\u00a0in Wien suchen wir ab sofort einen: Au\u00dfendienstmitarbeiter &#8211; Telekom Sie sind bereits selbstst\u00e4ndig und wollen Ihr Portfolio erweitern um Ihren Kunden noch mehr anbieten zu k\u00f6nnen? Oder wollen Sie den Schritt in die Selbstst\u00e4ndigkeit wagen und sich eigenst\u00e4ndig Ihren Kundenstock aufbauen und [&hellip;]<\/p>\n","protected":false},"author":1,"featured_media":0,"parent":0,"menu_order":0,"comment_status":"closed","ping_status":"closed","template":"","meta":{"om_disable_all_campaigns":false,"_monsterinsights_skip_tracking":false,"_monsterinsights_sitenote_active":false,"_monsterinsights_sitenote_note":"","_monsterinsights_sitenote_category":0,"footnotes":"","_links_to":"","_links_to_target":""},"class_list":["post-269","page","type-page","status-publish","hentry"],"aioseo_notices":[],"_links":{"self":[{"href":"https:\/\/mumax.at\/index.php?rest_route=\/wp\/v2\/pages\/269","targetHints":{"allow":["GET"]}}],"collection":[{"href":"https:\/\/mumax.at\/index.php?rest_route=\/wp\/v2\/pages"}],"about":[{"href":"https:\/\/mumax.at\/index.php?rest_route=\/wp\/v2\/types\/page"}],"author":[{"embeddable":true,"href":"https:\/\/mumax.at\/index.php?rest_route=\/wp\/v2\/users\/1"}],"replies":[{"embeddable":true,"href":"https:\/\/mumax.at\/index.php?rest_route=%2Fwp%2Fv2%2Fcomments&post=269"}],"version-history":[{"count":11,"href":"https:\/\/mumax.at\/index.php?rest_route=\/wp\/v2\/pages\/269\/revisions"}],"predecessor-version":[{"id":1746,"href":"https:\/\/mumax.at\/index.php?rest_route=\/wp\/v2\/pages\/269\/revisions\/1746"}],"wp:attachment":[{"href":"https:\/\/mumax.at\/index.php?rest_route=%2Fwp%2Fv2%2Fmedia&parent=269"}],"curies":[{"name":"wp","href":"https:\/\/api.w.org\/{rel}","templated":true}]}}